{"id":438,"date":"2026-02-13T23:03:27","date_gmt":"2026-02-14T02:03:27","guid":{"rendered":"https:\/\/www.joelepartners.com.br\/_\/?page_id=438"},"modified":"2026-02-14T19:44:11","modified_gmt":"2026-02-14T22:44:11","slug":"cases-de-sucesso","status":"publish","type":"page","link":"https:\/\/www.joelepartners.com.br\/_\/cases-de-sucesso\/","title":{"rendered":"Cases de Sucesso"},"content":{"rendered":"\n<!DOCTYPE html>\n<html lang=\"pt-BR\">\n<head>\n    <meta charset=\"UTF-8\">\n    <meta name=\"viewport\" content=\"width=device-width, initial-scale=1.0\">\n    <title>Cases de Sucesso | Joele Partners<\/title>\n\n    <!-- Fonte pr\u00f3xima ao \"SourceSans\" -->\n    <link rel=\"preconnect\" href=\"https:\/\/fonts.googleapis.com\">\n    <link rel=\"preconnect\" href=\"https:\/\/fonts.gstatic.com\" crossorigin>\n    <link href=\"https:\/\/fonts.googleapis.com\/css2?family=Source+Sans+3:wght@300;400;600;700&#038;display=swap\" rel=\"stylesheet\">\n\n    <style>\n        :root {\n            --bg: #eeeeee;\n            --main: #43a756;\n            --aux1: #383c93;\n            --aux2: #eeeeee;\n            --text: #333333;\n        }\n\n        * {\n            margin: 0;\n            padding: 0;\n            box-sizing: border-box;\n        }\n\n        body {\n            font-family: \"Source Sans 3\", system-ui, -apple-system, BlinkMacSystemFont, \"Segoe UI\", sans-serif;\n            line-height: 1.6;\n            color: var(--text);\n            background-color: var(--bg);\n        }\n\n        \/* Hero Section *\/\n        .hero {\n            background: linear-gradient(135deg, var(--aux1) 0%, var(--main) 60%);\n            color: white;\n            padding: 80px 20px;\n            text-align: center;\n        }\n\n        .hero-inner {\n            max-width: 900px;\n            margin: 0 auto;\n        }\n\n        .hero h1 {\n            font-size: 2.8rem;\n            margin-bottom: 15px;\n            font-weight: 700;\n            letter-spacing: 0.04em;\n        }\n\n        .hero p {\n            font-size: 1.15rem;\n            opacity: 0.95;\n        }\n\n        \/* Container *\/\n        .container {\n            max-width: 1200px;\n            margin: 0 auto;\n            padding: 60px 20px;\n        }\n\n        \/* Section heading *\/\n        .section-heading {\n            text-align: left;\n            margin-bottom: 25px;\n        }\n\n        .section-heading h2 {\n            font-size: 1.6rem;\n            color: var(--aux1);\n            font-weight: 700;\n        }\n\n        .section-heading p {\n            font-size: 0.98rem;\n            color: #555;\n        }\n\n        \/* Cases Grid *\/\n        .cases-grid {\n            display: grid;\n            grid-template-columns: repeat(auto-fit, minmax(320px, 1fr));\n            gap: 30px;\n            margin-bottom: 60px;\n        }\n\n        \/* Case Card *\/\n        .case-card {\n            background: #ffffff;\n            border-radius: 12px;\n            overflow: hidden;\n            box-shadow: 0 4px 18px rgba(0,0,0,0.06);\n            border: 1px solid #e2e2e2;\n            transition: transform 0.25s ease, box-shadow 0.25s ease, border-color 0.25s ease;\n        }\n\n        .case-card:hover {\n            transform: translateY(-6px);\n            box-shadow: 0 10px 28px rgba(0,0,0,0.12);\n            border-color: rgba(56,60,147,0.3);\n        }\n\n        .case-image {\n            width: 100%;\n            height: 180px;\n            background: linear-gradient(135deg, rgba(56,60,147,0.95), rgba(67,167,86,0.95));\n            display: flex;\n            align-items: center;\n            justify-content: center;\n            padding: 20px;\n        }\n\n        .case-logo {\n            max-width: 70%;\n            max-height: 100%;\n            object-fit: contain;\n        }\n\n        .case-content {\n            padding: 22px 24px 24px;\n        }\n\n        .case-tag {\n            display: inline-block;\n            background: rgba(56,60,147,0.06);\n            color: var(--aux1);\n            padding: 5px 12px;\n            border-radius: 20px;\n            font-size: 0.8rem;\n            margin-bottom: 10px;\n            font-weight: 600;\n            text-transform: uppercase;\n            letter-spacing: 0.08em;\n        }\n\n        .case-title {\n            font-size: 1.35rem;\n            margin-bottom: 12px;\n            color: var(--aux1);\n            font-weight: 700;\n        }\n\n        .case-section {\n            margin-bottom: 12px;\n        }\n\n        .case-section h4 {\n            font-size: 0.82rem;\n            text-transform: uppercase;\n            color: var(--main);\n            margin-bottom: 4px;\n            font-weight: 700;\n            letter-spacing: 0.08em;\n        }\n\n        .case-section p {\n            color: #555;\n            font-size: 0.96rem;\n        }\n\n        .case-result {\n            background: rgba(67,167,86,0.06);\n            padding: 14px 14px 13px;\n            border-radius: 8px;\n            border-left: 4px solid var(--main);\n            margin-top: 10px;\n        }\n\n        .case-result h4 {\n            margin-bottom: 4px;\n        }\n\n        .case-result p {\n            color: #23412b;\n            font-weight: 600;\n            font-size: 0.96rem;\n        }\n\n        \/* CTA Section *\/\n        .cta-section {\n            background: #ffffff;\n            border-radius: 14px;\n            padding: 40px 20px;\n            text-align: center;\n            box-shadow: 0 4px 18px rgba(0,0,0,0.06);\n            border: 1px solid #e2e2e2;\n        }\n\n        .cta-section h2 {\n            font-size: 2rem;\n            margin-bottom: 15px;\n            color: var(--aux1);\n            font-weight: 700;\n        }\n\n        .cta-section p {\n            font-size: 1.02rem;\n            margin-bottom: 24px;\n            color: #555;\n        }\n\n        .cta-button {\n            display: inline-block;\n            background: var(--main);\n            color: #ffffff;\n            padding: 13px 34px;\n            border-radius: 999px;\n            text-decoration: none;\n            font-weight: 700;\n            font-size: 1rem;\n            letter-spacing: 0.04em;\n            text-transform: uppercase;\n            transition: transform 0.2s ease, box-shadow 0.2s ease, background 0.2s ease;\n        }\n\n        .cta-button:hover {\n            transform: translateY(-1px);\n            box-shadow: 0 8px 18px rgba(67,167,86,0.35);\n            background: #3a9250;\n        }\n\n        \/* Responsive *\/\n        @media (max-width: 768px) {\n            .hero {\n                padding: 60px 18px;\n            }\n\n            .hero h1 {\n                font-size: 2.1rem;\n            }\n\n            .hero p {\n                font-size: 1rem;\n            }\n\n            .case-title {\n                font-size: 1.2rem;\n            }\n\n            .cta-section h2 {\n                font-size: 1.6rem;\n            }\n        }\n    <\/style>\n<\/head>\n<body>\n\n    <!-- Hero Section -->\n    <section class=\"hero\">\n        <div class=\"hero-inner\">\n            <h1>Cases de Sucesso<\/h1>\n            <p>Conhe\u00e7a alguns projetos em que ajudamos empresas a crescer com estrat\u00e9gias de marketing e BI integradas.<\/p>\n        <\/div>\n    <\/section>\n\n    <!-- Cases Container -->\n    <div class=\"container\">\n\n        <div class=\"section-heading\">\n            <h2>Resultados que conectam dados, estrat\u00e9gia e opera\u00e7\u00e3o<\/h2>\n            <p>Cada case resume o desafio, a solu\u00e7\u00e3o aplicada e o impacto obtido em diferentes mercados.<\/p>\n        <\/div>\n\n        <div class=\"cases-grid\">\n\n            <!-- Case 1: Quaker -->\n            <div class=\"case-card\">\n                <div class=\"case-image\">\n                    <img decoding=\"async\" src=\"https:\/\/www.joelepartners.com.br\/_\/wp-content\/uploads\/2026\/02\/Logo-Quaker.png\" alt=\"Quaker\" class=\"case-logo\">\n                <\/div>\n                <div class=\"case-content\">\n                    <span class=\"case-tag\">Bens de consumo \u00b7 Alimentos<\/span>\n                    <h3 class=\"case-title\">Quaker<\/h3>\n\n                    <div class=\"case-section\">\n                        <h4>Desafio<\/h4>\n                        <p>Ativa\u00e7\u00e3o digital.<\/p>\n                    <\/div>\n\n                    <div class=\"case-section\">\n                        <h4>Solu\u00e7\u00e3o<\/h4>\n                        <p>Utiliza\u00e7\u00e3o do Anderson Silva, campe\u00e3o do UFC na \u00e9poca, convidando o p\u00fablico a assistir suas lutas com Quaker.<\/p>\n                    <\/div>\n\n                    <div class=\"case-result\">\n                        <h4>Resultado<\/h4>\n                        <p>O Twitter saiu de 0 seguidores, chegando a cerca de 30 mil seguidores em 1 semana.<\/p>\n                    <\/div>\n                <\/div>\n            <\/div>\n\n            <!-- Case 2: MSC -->\n            <div class=\"case-card\">\n                <div class=\"case-image\">\n                    <img decoding=\"async\" src=\"https:\/\/www.joelepartners.com.br\/_\/wp-content\/uploads\/2026\/02\/Logo-MSC.png\" alt=\"MSC\" class=\"case-logo\">\n                <\/div>\n                <div class=\"case-content\">\n                    <span class=\"case-tag\">Servi\u00e7os \u00b7 Turismo<\/span>\n                    <h3 class=\"case-title\">MSC<\/h3>\n\n                    <div class=\"case-section\">\n                        <h4>Desafio<\/h4>\n                        <p>Engajamento.<\/p>\n                    <\/div>\n\n                    <div class=\"case-section\">\n                        <h4>Solu\u00e7\u00e3o<\/h4>\n                        <p>Planejei e executei a campanha no Facebook para conseguir f\u00e3s para a marca e divulgar o game &#8220;O Mist\u00e9rio do Colar&#8221;.<\/p>\n                    <\/div>\n\n                    <div class=\"case-result\">\n                        <h4>Resultado<\/h4>\n                        <p>Crescimento de 4 mil f\u00e3s para 120 mil f\u00e3s em 12 meses. Maior crescimento de uma marca no ano, com mat\u00e9ria destaque no Meio &#038; Mensagem.<\/p>\n                    <\/div>\n                <\/div>\n            <\/div>\n\n            <!-- Case 3: Miojo\/Talharim -->\n            <div class=\"case-card\">\n                <div class=\"case-image\">\n                    <img decoding=\"async\" src=\"https:\/\/www.joelepartners.com.br\/_\/wp-content\/uploads\/2026\/02\/Logo-Talharim.png\" alt=\"Miojo \/ Talharim\" class=\"case-logo\">\n                <\/div>\n                <div class=\"case-content\">\n                    <span class=\"case-tag\">Bens de consumo \u00b7 Alimentos<\/span>\n                    <h3 class=\"case-title\">Miojo \/ Talharim<\/h3>\n\n                    <div class=\"case-section\">\n                        <h4>Desafio<\/h4>\n                        <p>Share de mercado.<\/p>\n                    <\/div>\n\n                    <div class=\"case-section\">\n                        <h4>Solu\u00e7\u00e3o<\/h4>\n                        <p>Campanha nacional com Grazi Massafera utilizando TV, revistas, PDV e m\u00eddia digital.<\/p>\n                    <\/div>\n\n                    <div class=\"case-result\">\n                        <h4>Resultado<\/h4>\n                        <p>Aumentamos as vendas em 7,9% no ano, superando a meta de 6,1%. A campanha foi destaque no meio com capa no Propmark e entrevista em que expliquei a campanha.<\/p>\n                    <\/div>\n                <\/div>\n            <\/div>\n\n            <!-- Case 4: Plano&Plano -->\n            <div class=\"case-card\">\n                <div class=\"case-image\">\n                    <img decoding=\"async\" src=\"https:\/\/www.joelepartners.com.br\/_\/wp-content\/uploads\/2026\/02\/Logo-PlanoPlano.png\" alt=\"Plano&#038;Plano\" class=\"case-logo\">\n                <\/div>\n                <div class=\"case-content\">\n                    <span class=\"case-tag\">Servi\u00e7os \u00b7 Imobili\u00e1rio<\/span>\n                    <h3 class=\"case-title\">Plano&#038;Plano<\/h3>\n\n                    <div class=\"case-section\">\n                        <h4>Desafio<\/h4>\n                        <p>Leads.<\/p>\n                    <\/div>\n\n                    <div class=\"case-section\">\n                        <h4>Solu\u00e7\u00e3o<\/h4>\n                        <p>Diminui\u00e7\u00e3o de investimento em portais verticais e aumento em Meta com integra\u00e7\u00e3o do CRM.<\/p>\n                    <\/div>\n\n                    <div class=\"case-result\">\n                        <h4>Resultado<\/h4>\n                        <p>Diminui\u00e7\u00e3o do CPL de R$ 34,68 para R$ 27,51 e do CAC de R$ 3.818 para R$ 2.443. Nossa estrat\u00e9gia e resultados viram case do Facebook em material de refer\u00eancia para o mercado.<\/p>\n                    <\/div>\n                <\/div>\n            <\/div>\n\n            <!-- Case 5: Banco Original -->\n            <div class=\"case-card\">\n                <div class=\"case-image\">\n                    <img decoding=\"async\" src=\"https:\/\/www.joelepartners.com.br\/_\/wp-content\/uploads\/2026\/02\/Logo-BancoOriginal.png\" alt=\"Banco Original\" class=\"case-logo\">\n                <\/div>\n                <div class=\"case-content\">\n                    <span class=\"case-tag\">Servi\u00e7os \u00b7 Financeiro<\/span>\n                    <h3 class=\"case-title\">Banco Original<\/h3>\n\n                    <div class=\"case-section\">\n                        <h4>Desafio<\/h4>\n                        <p>Aquisi\u00e7\u00e3o.<\/p>\n                    <\/div>\n\n                    <div class=\"case-section\">\n                        <h4>Solu\u00e7\u00e3o<\/h4>\n                        <p>Campanha exclusivamente digital, focando em benef\u00edcios como tarifa zero, cashback e conta PJ.<\/p>\n                    <\/div>\n\n                    <div class=\"case-result\">\n                        <h4>Resultado<\/h4>\n                        <p>Superamos a meta de 3 milh\u00f5es de clientes, conquistando mais de 3,7 milh\u00f5es em 6 meses de campanha.<\/p>\n                    <\/div>\n                <\/div>\n            <\/div>\n\n            <!-- Case 6: Jo\u00e3o Rock -->\n            <div class=\"case-card\">\n                <div class=\"case-image\">\n                    <img decoding=\"async\" src=\"https:\/\/www.joelepartners.com.br\/_\/wp-content\/uploads\/2026\/02\/Logo-JoaoRock.png\" alt=\"Jo\u00e3o Rock\" class=\"case-logo\">\n                <\/div>\n                <div class=\"case-content\">\n                    <span class=\"case-tag\">Servi\u00e7os \u00b7 Entretenimento<\/span>\n                    <h3 class=\"case-title\">Jo\u00e3o Rock<\/h3>\n\n                    <div class=\"case-section\">\n                        <h4>Desafio<\/h4>\n                        <p>Vendas.<\/p>\n                    <\/div>\n\n                    <div class=\"case-section\">\n                        <h4>Solu\u00e7\u00e3o<\/h4>\n                        <p>Campanha com parceiros de m\u00eddia locais em formato de permuta e investimento em program\u00e1tica e m\u00eddias sociais.<\/p>\n                    <\/div>\n\n                    <div class=\"case-result\">\n                        <h4>Resultado<\/h4>\n                        <p>Esgotamos os ingressos antecipadamente, 3 meses antes do festival.<\/p>\n                    <\/div>\n                <\/div>\n            <\/div>\n\n        <\/div>\n\n        <!-- CTA Section -->\n        <section class=\"cta-section\">\n            <h2>Quer transformar seus desafios em cases como esses?<\/h2>\n            <p>A Joele Partners une estrat\u00e9gia, m\u00eddia e BI para gerar crescimento real e mensur\u00e1vel para o seu neg\u00f3cio.<\/p>\n            <a href=\"\/contato\" class=\"cta-button\">Falar com a Joele Partners<\/a>\n        <\/section>\n\n    <\/div>\n\n<\/body>\n<\/html>\n\n","protected":false},"excerpt":{"rendered":"<p>Cases de Sucesso | Joele Partners Cases de Sucesso Conhe\u00e7a alguns projetos em que ajudamos empresas a crescer com estrat\u00e9gias de marketing e BI integradas. Resultados que conectam dados, estrat\u00e9gia e opera\u00e7\u00e3o Cada case resume o desafio, a solu\u00e7\u00e3o aplicada e o impacto obtido em diferentes mercados. Bens de consumo \u00b7 Alimentos Quaker Desafio Ativa\u00e7\u00e3o [&hellip;]<\/p>\n","protected":false},"author":1,"featured_media":0,"parent":0,"menu_order":0,"comment_status":"closed","ping_status":"closed","template":"full-width","meta":{"saved_in_kubio":true,"_sitemap_exclude":false,"_sitemap_priority":"","_sitemap_frequency":"","footnotes":""},"class_list":["post-438","page","type-page","status-publish","hentry"],"kubio_ai_page_context":{"short_desc":"","purpose":"general"},"_links":{"self":[{"href":"https:\/\/www.joelepartners.com.br\/_\/wp-json\/wp\/v2\/pages\/438","targetHints":{"allow":["GET"]}}],"collection":[{"href":"https:\/\/www.joelepartners.com.br\/_\/wp-json\/wp\/v2\/pages"}],"about":[{"href":"https:\/\/www.joelepartners.com.br\/_\/wp-json\/wp\/v2\/types\/page"}],"author":[{"embeddable":true,"href":"https:\/\/www.joelepartners.com.br\/_\/wp-json\/wp\/v2\/users\/1"}],"replies":[{"embeddable":true,"href":"https:\/\/www.joelepartners.com.br\/_\/wp-json\/wp\/v2\/comments?post=438"}],"version-history":[{"count":13,"href":"https:\/\/www.joelepartners.com.br\/_\/wp-json\/wp\/v2\/pages\/438\/revisions"}],"predecessor-version":[{"id":467,"href":"https:\/\/www.joelepartners.com.br\/_\/wp-json\/wp\/v2\/pages\/438\/revisions\/467"}],"wp:attachment":[{"href":"https:\/\/www.joelepartners.com.br\/_\/wp-json\/wp\/v2\/media?parent=438"}],"curies":[{"name":"wp","href":"https:\/\/api.w.org\/{rel}","templated":true}]}}